 hundreds digit of 605?
6
What is the tens digit of 121941?
4
What is the units digit of 51998?
8
What is the thousands digit of 6657?
6
What is the ten thousands digit of 13440?
1
What is the ten thousands digit of 32605?
3
What is the thousands digit of 8071?
8
What is the tens digit of 75853?
5
What is the thousands digit of 9331?
9
What is the ten thousands digit of 29206?
2
What is the ten thousands digit of 135384?
3
What is the tens digit of 62438?
3
What is the hundreds digit of 9936?
9
What is the tens digit of 84616?
1
What is the hundreds digit of 456?
4
What is the units digit of 26682?
2
What is the thousands digit of 8814?
8
What is the units digit of 3108?
8
What is the hundreds digit of 32332?
3
What is the units digit of 75043?
3
What is the units digit of 13799?
9
What is the thousands digit of 8637?
8
What is the tens digit of 23800?
0
What is the tens digit of 25917?
1
What is the units digit of 30?
0
What is the ten thousands digit of 39787?
3
What is the units digit of 15243?
3
What is the hundreds digit of 6679?
6
What is the units digit of 14686?
6
What is the ten thousands digit of 32420?
3
What is the hundreds digit of 228?
2
What is the hundreds digit of 1155?
1
What is the hundreds digit of 111366?
3
What is the tens digit of 1647?
4
What is the thousands digit of 4868?
4
What is the ten thousands digit of 95803?
9
What is the thousands digit of 3089?
3
What is the hundreds digit of 7248?
2
What is the thousands digit of 1357?
1
What is the hundreds digit of 1306?
3
What is the tens digit of 88217?
1
What is the tens digit of 20248?
4
What is the units digit of 301?
1
What is the tens digit of 155?
5
What is the thousands digit of 5815?
5
What is the units digit of 748?
8
What is the tens digit of 7598?
9
What is the tens digit of 1297?
9
What is the thousands digit of 8373?
8
What is the thousands digit of 9357?
9
What is the units digit of 592?
2
What is the units digit of 837?
7
What is the units digit of 8613?
3
What is the hundreds digit of 2963?
9
What is the units digit of 11743?
3
What is the ten thousands digit of 37460?
3
What is the thousands digit of 168842?
8
What is the tens digit of 48?
4
What is the units digit of 18285?
5
What is the units digit of 8301?
1
What is the hundreds digit of 13971?
9
What is the hundreds digit of 7390?
3
What is the tens digit of 28465?
6
What is the hundreds digit of 62403?
4
What is the units digit of 11737?
7
What is the thousands digit of 1707?
1
What is the ten thousands digit of 29607?
2
What is the thousands digit of 30815?
0
What is the units digit of 2131?
1
What is the tens digit of 17?
1
What is the thousands digit of 76002?
6
What is the thousands digit of 1548?
1
What is the units digit of 7003?
3
What is the thousands digit of 17995?
7
What is the hundreds digit of 80115?
1
What is the tens digit of 18994?
9
What is the ten thousands digit of 75647?
7
What is the hundreds digit of 25663?
6
What is the tens digit of 117159?
5
What is the thousands digit of 27533?
7
What is the hundreds digit of 23502?
5
What is the hundreds digit of 6825?
8
What is the units digit of 109?
9
What is the hundreds digit of 5051?
0
What is the units digit of 149?
9
What is the thousands digit of 2177?
2
What is the ten thousands digit of 47396?
4
What is the thousands digit of 13469?
3
What is the tens digit of 48726?
2
What is the tens digit of 36512?
1
What is the ten thousands digit of 128968?
2
What is the ten thousands digit of 84193?
8
What is the thousands digit of 1450?
1
What is the tens digit of 246?
4
What is the hundreds digit of 350?
3
What is the thousands digit of 3960?
3
What is the hundreds digit of 213?
2
What is the hundreds digit of 222?
2
What is the hundreds digit of 284?
2
What is the thousands digit of 24149?
4
What is the units digit of 619?
9
What is the ten thousands digit of 70151?
7
What is the tens digit of 465?
6
What is the hundreds digit of 1097?
0
What is the tens digit of 1586?
8
What is the units digit of 5019?
9
What is the hundreds digit of 435?
4
What is the tens digit of 1425?
2
What is the units digit of 4267?
7
What is the units digit of 4971?
1
What is the thousands digit of 2421?
2
What is the hundreds digit of 1098?
0
What is the hundreds digit of 7302?
3
What is the tens digit of 48502?
0
What is the thousands digit of 23847?
3
What is the tens digit of 9470?
7
What is the units digit of 995?
5
What is the hundreds digit of 1933?
9
What is the hundreds digit of 75857?
8
What is the units digit of 8614?
4
What is the hundreds digit of 6152?
1
What is the tens digit of 17451?
5
What is the tens digit of 13152?
5
What is the hundreds digit of 1494?
4
What is the hundreds digit of 1760?
7
What is the units digit of 125950?
0
What is the tens digit of 70?
7
What is the tens digit of 9728?
2
What is the units digit of 56895?
5
What is the units digit of 3153?
3
What is the tens digit of 27?
2
What is the units digit of 594?
4
What is the hundreds digit of 73536?
5
What is the hundreds digit of 4433?
4
What is the units digit of 2271?
1
What is the hundreds digit of 8324?
3
What is the thousands digit of 12685?
2
What is the units digit of 3192?
2
What is the units digit of 5776?
6
What is the hundreds digit of 54127?
1
What is the units digit of 6620?
0
What is the units digit of 8628?
8
What is the tens digit of 706?
0
What is the ten thousands digit of 15475?
1
What is the units digit of 1410?
0
What is the thousands digit of 1837?
1
What is the thousands digit of 7089?
7
What is the hundreds digit of 7924?
9
What is the units digit of 1540?
0
What is the thousands digit of 6305?
6
What is the units digit of 18089?
9
What is the hundreds digit of 124?
1
What is the hundreds digit of 110076?
0
What is the hundreds digit of 17493?
4
What is the tens digit of 7205?
0
What is the thousands digit of 16872?
6
What is the tens digit of 10407?
0
What is the units digit of 4647?
7
What is the thousands digit of 3629?
3
What is the hundreds digit of 25747?
7
What is the units digit of 5324?
4
What is the units digit of 3569?
9
What is the units digit of 13522?
2
What is the thousands digit of 3484?
3
What is the tens digit of 2845?
4
What is the thousands digit of 2959?
2
What is the tens digit of 13705?
0
What is the tens digit of 1467?
6
What is the ten thousands digit of 69474?
6
What is the hundreds digit of 176993?
9
What is the hundreds digit of 4311?
3
What is the tens digit of 84?
8
What is the thousands digit of 54212?
4
What is the thousands digit of 11280?
1
What is the thousands digit of 1077?
1
What is the units digit of 2279?
9
What is the units digit of 29737?
7
What is the hundreds digit of 330?
3
What is the tens digit of 57751?
5
What is the ten thousands digit of 12304?
1
What is the units digit of 1519?
9
What is the tens digit of 9095?
9
What is the tens digit of 85635?
3
What is the hundreds digit of 24575?
5
What is the ten thousands digit of 88176?
8
What is the tens digit of 36350?
5
What is the tens digit of 7090?
9
What is the ten thousands digit of 101122?
0
What is the hundreds digit of 1264?
2
What is the thousands digit of 5800?
5
What is the thousands digit of 2138?
2
What is the units digit of 3071?
1
What is the thousands digit of 3254?
3
What is the ten thousands digit of 32923?
3
What is the thousands digit of 2346?
2
What is the units digit of 10539?
9
What is the tens digit of 3895?
9
What is the ten thousands digit of 40666?
4
What is the thousands digit of 43377?
3
What is the units digit of 1308?
8
What is the units digit of 920?
0
What is the tens digit of 97046?
4
What is the hundreds digit of 135946?
9
What is the tens digit of 4530?
3
What is the ten thousands digit of 28236?
2
What is the hundred thousands digit of 110377?
1
What is the hundreds digit of 633?
6
What is the units digit of 39?
9
What is the units digit of 9439?
9
What is the units digit of 179970?
0
What is the tens digit of 3161?
6
What is the tens digit of 26630?
3
What is the hundreds digit of 76529?
5
What is the thousands digit of 49675?
9
What is the hundreds digit of 7328?
3
What is the units digit of 11438?
8
What is the hundreds digit of 66122?
1
What is the tens digit of 1815?
1
What is the units digit of 484?
4
What is the